atest common factor of 17 and 221?
17
Calculate the greatest common divisor of 14 and 3458.
14
What is the greatest common divisor of 66 and 13134?
66
Calculate the highest common factor of 64 and 304.
16
What is the highest common divisor of 24 and 444?
12
Calculate the greatest common factor of 2472 and 96.
24
Calculate the highest common divisor of 126 and 72.
18
Calculate the greatest common factor of 18 and 3474.
18
Calculate the highest common divisor of 82 and 205.
41
Calculate the greatest common factor of 1080 and 8.
8
Calculate the greatest common divisor of 6 and 54.
6
Calculate the greatest common factor of 2324 and 140.
28
What is the highest common factor of 2142 and 126?
126
What is the highest common divisor of 210 and 140?
70
What is the highest common factor of 310 and 30?
10
Calculate the highest common factor of 1026 and 54.
54
What is the greatest common divisor of 107 and 17869?
107
What is the highest common factor of 2528 and 790?
158
What is the highest common factor of 265 and 371?
53
Calculate the highest common factor of 60 and 5835.
15
What is the greatest common divisor of 96 and 88?
8
What is the greatest common divisor of 1576 and 197?
197
Calculate the highest common divisor of 4722 and 12.
6
Calculate the greatest common factor of 185 and 12913.
37
What is the greatest common factor of 195 and 1677?
39
What is the greatest common factor of 18 and 171?
9
Calculate the greatest common factor of 4810 and 37.
37
What is the highest common divisor of 1020 and 24?
12
What is the greatest common factor of 16832 and 512?
64
What is the greatest common factor of 44 and 253?
11
Calculate the greatest common divisor of 52 and 13.
13
Calculate the greatest common factor of 108 and 3996.
108
What is the highest common divisor of 17 and 1241?
17
What is the greatest common factor of 64 and 1888?
32
What is the highest common factor of 26 and 12558?
26
What is the greatest common factor of 12 and 438?
6
Calculate the highest common divisor of 248 and 112.
8
What is the highest common divisor of 51 and 159?
3
What is the greatest common factor of 98 and 98?
98
Calculate the highest common factor of 5094 and 72.
18
Calculate the highest common divisor of 4947 and 97.
97
Calculate the greatest common factor of 2183 and 37.
37
What is the highest common divisor of 784 and 40?
8
What is the highest common factor of 58 and 464?
58
Calculate the highest common divisor of 12288 and 1792.
256
What is the highest common factor of 335 and 134?
67
Calculate the highest common divisor of 28 and 364.
28
What is the greatest common divisor of 30 and 10510?
10
What is the highest common divisor of 24 and 8844?
12
What is the highest common factor of 110 and 935?
55
Calculate the greatest common divisor of 16 and 752.
16
Calculate the greatest common divisor of 96 and 56.
8
Calculate the greatest common factor of 2133 and 79.
79
Calculate the greatest common divisor of 154 and 14.
14
Calculate the greatest common factor of 231 and 11.
11
What is the greatest common factor of 510 and 10540?
170
Calculate the highest common divisor of 299 and 221.
13
What is the highest common factor of 1190 and 560?
70
Calculate the greatest common divisor of 9 and 159.
3
Calculate the greatest common factor of 7271 and 11.
11
What is the greatest common factor of 20099 and 199?
199
Calculate the highest common divisor of 95 and 2299.
19
What is the greatest common divisor of 273 and 147?
21
Calculate the highest common divisor of 1855 and 35.
35
Calculate the highest common divisor of 291 and 485.
97
Calculate the greatest common divisor of 143 and 1287.
143
What is the greatest common factor of 165 and 435?
15
What is the highest common divisor of 23 and 23?
23
Calculate the greatest common divisor of 32 and 800.
32
Calculate the greatest common divisor of 3029 and 13.
13
What is the highest common divisor of 561 and 286?
11
Calculate the highest common divisor of 1015 and 70.
35
What is the greatest common factor of 680 and 40?
40
Calculate the highest common factor of 1363 and 47.
47
Calculate the highest common factor of 1162 and 415.
83
What is the greatest common factor of 438 and 36?
6
Calculate the highest common divisor of 1240 and 2108.
124
Calculate the greatest common factor of 96 and 360.
24
Calculate the highest common factor of 6 and 3.
3
What is the highest common divisor of 2470 and 195?
65
What is the greatest common factor of 299 and 4094?
23
Calculate the highest common factor of 28 and 1792.
28
What is the highest common divisor of 11 and 693?
11
What is the highest common divisor of 357 and 5117?
119
What is the greatest common divisor of 10 and 2200?
10
Calculate the highest common divisor of 48 and 1236.
12
What is the greatest common divisor of 1846 and 26?
26
What is the greatest common divisor of 279 and 450?
9
Calculate the highest common divisor of 111 and 296.
37
What is the greatest common factor of 147 and 84?
21
Calculate the highest common factor of 69 and 6141.
69
What is the highest common factor of 17 and 1683?
17
What is the greatest common divisor of 512 and 64?
64
Calculate the highest common factor of 555 and 296.
37
What is the greatest common divisor of 20 and 23470?
10
What is the highest common divisor of 12 and 708?
12
Calculate the highest common factor of 595 and 280.
35
Calculate the greatest common divisor of 9 and 918.
9
What is the highest common factor of 1660 and 80?
20
What is the greatest common divisor of 20 and 36?
4
Calculate the highest common divisor of 18785 and 65.
65
Calculate the highest common factor of 5304 and 17.
17
Calculate the greatest common factor of 74 and 6364.
74
What is the highest common factor of 3 and 327?
3
Calculate the highest common factor of 110 and 50.
10
Calculate the greatest common divisor of 6567 and 33.
33
What is the greatest common factor of 42 and 56?
14
Calculate the highest common factor of 24 and 320.
8
What is the greatest common factor of 3360 and 1760?
160
Calculate the highest common factor of 1333 and 387.
43
Calculate the highest common divisor of 248 and 56.
8
What is the greatest common factor of 12 and 474?
6
What is the greatest common divisor of 261 and 3045?
87
Calculate the greatest common divisor of 80 and 2600.
40
Calculate the highest common divisor of 13780 and 53.
53
Calculate the highest common factor of 5159 and 603.
67
What is the highest common divisor of 45 and 144?
9
Calculate the highest common divisor of 441 and 36.
9
What is the greatest common divisor of 116 and 203?
29
What is the highest common divisor of 1209 and 279?
93
What is the greatest common divisor of 8 and 3?
1
Calculate the highest common divisor of 968 and 264.
88
Calculate the greatest common factor of 143 and 341.
11
What is the greatest common divisor of 63 and 168?
21
Calculate the greatest common divisor of 26 and 1898.
26
What is the greatest common factor of 1143 and 9?
9
Calculate the greatest common factor of 168 and 424.
8
Calculate the highest common divisor of 234 and 312.
78
Calculate the greatest common divisor of 784 and 294.
98
Calculate the highest common divisor of 76 and 57.
19
Calculate the greatest common divisor of 5 and 5.
5
What is the highest common factor of 640 and 60?
20
Calculate the greatest common factor of 78 and 1392.
6
Calculate the highest common factor of 176 and 5280.
176
What is the highest common factor of 42 and 5061?
21
Calculate the highest common divisor of 225 and 50.
25
Calculate the highest common factor of 2 and 26.
2
Calculate the greatest common factor of 11 and 187.
11
What is the greatest common factor of 300 and 3675?
75
What is the highest common divisor of 150 and 2000?
50
What is the greatest common factor of 217 and 83111?
217
What is the highest common divisor of 1805 and 1995?
95
Calculate the highest common divisor of 475 and 90.
5
Calculate the greatest common factor of 32 and 2768.
16
Calculate the highest common factor of 45 and 2691.
9
Calculate the greatest common factor of 4 and 5844.
4
What is the highest common factor of 12 and 244?
4
Calculate the greatest common factor of 1134 and 224.
14
Calculate the greatest common divisor of 3296 and 103.
103
Calculate the highest common divisor of 64 and 104.
